{"id":2887,"date":"2018-09-19T11:40:08","date_gmt":"2018-09-19T11:40:08","guid":{"rendered":"https:\/\/la-ale.com\/revistalaleche\/?page_id=2887"},"modified":"2021-08-02T10:52:54","modified_gmt":"2021-08-02T08:52:54","slug":"revista-10","status":"publish","type":"page","link":"https:\/\/la-ale.com\/revistalaleche\/revista-10\/","title":{"rendered":"Revista #10"},"content":{"rendered":"[columns_row margin_top=\u00bb0px\u00bb margin_bottom=\u00bb20px\u00bb]\n[column size=\u00bbone seventh\u00bb last=\u00bbno\u00bb]\n[\/column]\n[column size=\u00bbone seventh\u00bb last=\u00bbno\u00bb]\n[\/column]\n[column size=\u00bbone_third\u00bb last=\u00bbno\u00bb]\n<img fetchpriority=\"high\" decoding=\"async\" class=\"aligncenter wp-image-2888\" src=\"https:\/\/la-ale.com\/revistalaleche\/wp-content\/uploads\/PORTADA10-741x1024.jpg\" alt=\"periodico para ni\u00f1os\" width=\"500\" height=\"691\" srcset=\"https:\/\/la-ale.com\/revistalaleche\/wp-content\/uploads\/PORTADA10-741x1024.jpg 741w, https:\/\/la-ale.com\/revistalaleche\/wp-content\/uploads\/PORTADA10-217x300.jpg 217w, https:\/\/la-ale.com\/revistalaleche\/wp-content\/uploads\/PORTADA10-740x1023.jpg 740w, https:\/\/la-ale.com\/revistalaleche\/wp-content\/uploads\/PORTADA10-480x664.jpg 480w, https:\/\/la-ale.com\/revistalaleche\/wp-content\/uploads\/PORTADA10.jpg 800w\" sizes=\"(max-width: 500px) 100vw, 500px\" \/><br \/>\n[\/column]\n[column size=\u00bbone seventh\u00bb last=\u00bbno\u00bb]\n[\/column]\n[column size=\u00bbone seventh\u00bb last=\u00bbno\u00bb]\n[\/column]\n[column size=\u00bbone_half\u00bb last=\u00bbyes\u00bb]\n<h2>9,00 euros<\/h2>\n<p>Oto\u00f1o #10 + un laberinto infinito<\/p>\n[button link=\u00bbhttps:\/\/la-ale.com\/revistalaleche\/donde-comprar\u00bb color=\u00bb#ED0992&#8243; size=\u00bbmedium\u00bb target=\u00bb_blank\u00bb style=\u00bbstandard\u00bb]LIBRER\u00cdAS[\/button]\n[divider style=\u00bbdashed\u00bb align=\u00bbcenter\u00bb color=\u00bb#<span style=\"color: #5c5c5c;\">ffcd57<\/span>\u00bb opacity=\u00bb0.90&#8243; width=\u00bb\u00bb pull=\u00bb\u00bb padding_top=\u00bb0px\u00bb padding_bottom=\u00bb10px\u00bb]\n[lightbox_gallery columns=\u00bb3&#8243; size=\u00bb\u00bb hover_zoom=\u00bbyes\u00bb]\n[image src=\u00bbhttps:\/\/la-ale.com\/revistalaleche\/wp-content\/uploads\/10-1.jpg\u00bb alt=\u00bbRevista Infantil \u00a1La leche!\u00bb]\n[image src=\u00bbhttps:\/\/la-ale.com\/revistalaleche\/wp-content\/uploads\/10-2.jpg\u00bb alt=\u00bbRevista Infantil \u00a1La leche!\u00bb]\n[image src=\u00bbhttps:\/\/la-ale.com\/revistalaleche\/wp-content\/uploads\/10-3.jpg\u00bb alt=\u00bbRevista Infantil \u00a1La leche!\u00bb]\n[image src=\u00bbhttps:\/\/la-ale.com\/revistalaleche\/wp-content\/uploads\/10-4.jpg\u00bb alt=\u00bbRevista Infantil \u00a1La leche!\u00bb]\n[image src=\u00bbhttps:\/\/la-ale.com\/revistalaleche\/wp-content\/uploads\/10-5.jpg\u00bb alt=\u00bbRevista Infantil \u00a1La leche!\u00bb]\n[image src=\u00bbhttps:\/\/la-ale.com\/revistalaleche\/wp-content\/uploads\/10-6.jpg\u00bb alt=\u00bbRevista Infantil \u00a1La leche!\u00bb]\n[\/lightbox_gallery]\n[divider style=\u00bbdashed\u00bb align=\u00bbcenter\u00bb color=\u00bb#<span style=\"color: #5c5c5c;\">807A0F<\/span>\u00bb opacity=\u00bb0.90&#8243; width=\u00bb\u00bb pull=\u00bb\u00bb padding_top=\u00bb0px\u00bb padding_bottom=\u00bb60px\u00bb]\n[\/column]\n[\/columns_row]\n<p><strong>En el d\u00e9cimo n\u00famero de\u00a0<\/strong><em><strong>\u00a1La leche!<\/strong><\/em><strong>\u00a0encontrar\u00e1s:\u00a0<\/strong>un intruso sin plumas, la mar que reclama, ciertas realidades invisibles, patatas fritas y cocidas, personas que com\u00edan a dos manos, razones para saborear el mundo, deliciosas ancas de rana, un capricho chocolateado, el camino de granitos de arroz que une la India con Jap\u00f3n, callejones con mil sabores, el maravilloso pero infravalorado paisaje que ves desde tu ventana, la salida de un laberinto sin salida, extra\u00f1os insectos que cambian de piel, una guerra que acab\u00f3 con estrictas prohibiciones, una ni\u00f1a que creci\u00f3 protegiendo a su hermano mayor, ni\u00f1as que estudian all\u00ed donde las ni\u00f1as no estudian, unos padres muy valientes, calzoncillos de camuflaje y flechas explosivas, una pizca\u00a0 de tomillo y sal, un peine por micr\u00f3fono, la mejor casa rodante, algo llamado Vieja Musicales y\u2026 un cuento que podr\u00e1s contar una y otra y otra y otra vez.<\/p>\n<p>.<\/p>\n<p><img decoding=\"async\" class=\"aligncenter wp-image-2890 size-full\" src=\"https:\/\/la-ale.com\/revistalaleche\/wp-content\/uploads\/creditos10.jpg\" alt=\"\" width=\"964\" height=\"666\" srcset=\"https:\/\/la-ale.com\/revistalaleche\/wp-content\/uploads\/creditos10.jpg 964w, https:\/\/la-ale.com\/revistalaleche\/wp-content\/uploads\/creditos10-300x207.jpg 300w, https:\/\/la-ale.com\/revistalaleche\/wp-content\/uploads\/creditos10-740x511.jpg 740w, https:\/\/la-ale.com\/revistalaleche\/wp-content\/uploads\/creditos10-480x332.jpg 480w\" sizes=\"(max-width: 964px) 100vw, 964px\" \/><\/p>\n[divider style=\u00bbdashed\u00bb align=\u00bbcenter\u00bb color=\u00bb#ffffff\u00bb opacity=\u00bb0.90&#8243; width=\u00bb\u00bb pull=\u00bb\u00bb padding_top=\u00bb10px\u00bb padding_bottom=\u00bb10px\u00bb]\n[fullwidth style=\u00bbdefault\u00bb fullwidth=\u00bbno\u00bb background_color=\u00bb\u00bb background_image=\u00bb#\u00bb background_repeat=\u00bbno-repeat\u00bb background_position=\u00bbcenter\u00bb mesh_overlay=\u00bbyes\u00bb border_width=\u00bb0px\u00bb border_color=\u00bb\u00bb padding_top=\u00bb30&#8243; padding_bottom=\u00bb30&#8243; padding_left=\u00bb0&#8243; padding_right=\u00bb0&#8243; text_align=\u00bbcenter\u00bb text_color=\u00bb#ffffff\u00bb]\n<p>Y cuando se te hayan congelado los pies y te apetezca tomar sopa caliente&#8230;<\/p>\n<h2><strong>\u00a1La leche! #11\u00a0<\/strong>te estar\u00e1 esperando[\/fullwidth]<\/h2>\n","protected":false},"excerpt":{"rendered":"<p>[columns_row margin_top=\u00bb0px\u00bb margin_bottom=\u00bb20px\u00bb] [column size=\u00bbone seventh\u00bb last=\u00bbno\u00bb] [\/column] [column size=\u00bbone seventh\u00bb last=\u00bbno\u00bb] [\/column] [column size=\u00bbone_third\u00bb last=\u00bbno\u00bb] [\/column] [column size=\u00bbone seventh\u00bb [&hellip;]<\/p>\n","protected":false},"author":2,"featured_media":0,"parent":0,"menu_order":0,"comment_status":"closed","ping_status":"closed","template":"","meta":{"footnotes":""},"class_list":["post-2887","page","type-page","status-publish","hentry"],"aioseo_notices":[],"_links":{"self":[{"href":"https:\/\/la-ale.com\/revistalaleche\/wp-json\/wp\/v2\/pages\/2887","targetHints":{"allow":["GET"]}}],"collection":[{"href":"https:\/\/la-ale.com\/revistalaleche\/wp-json\/wp\/v2\/pages"}],"about":[{"href":"https:\/\/la-ale.com\/revistalaleche\/wp-json\/wp\/v2\/types\/page"}],"author":[{"embeddable":true,"href":"https:\/\/la-ale.com\/revistalaleche\/wp-json\/wp\/v2\/users\/2"}],"replies":[{"embeddable":true,"href":"https:\/\/la-ale.com\/revistalaleche\/wp-json\/wp\/v2\/comments?post=2887"}],"version-history":[{"count":7,"href":"https:\/\/la-ale.com\/revistalaleche\/wp-json\/wp\/v2\/pages\/2887\/revisions"}],"predecessor-version":[{"id":4181,"href":"https:\/\/la-ale.com\/revistalaleche\/wp-json\/wp\/v2\/pages\/2887\/revisions\/4181"}],"wp:attachment":[{"href":"https:\/\/la-ale.com\/revistalaleche\/wp-json\/wp\/v2\/media?parent=2887"}],"curies":[{"name":"wp","href":"https:\/\/api.w.org\/{rel}","templated":true}]}}