{"id":1148,"date":"2016-06-01T16:51:04","date_gmt":"2016-06-01T16:51:04","guid":{"rendered":"https:\/\/la-ale.com\/revistalaleche\/?page_id=1148"},"modified":"2023-03-14T11:35:48","modified_gmt":"2023-03-14T09:35:48","slug":"milk-tv","status":"publish","type":"page","link":"https:\/\/la-ale.com\/revistalaleche\/milk-tv\/","title":{"rendered":"The milk TV"},"content":{"rendered":"\n<p class=\"has-text-align-center\">Milk TV es la producci\u00f3n audiovisual propia de nuestra revista. Tutoriales de c\u00f3mo montar nuestros encartes, avances sobre art\u00edculos y entrevistas, tiras c\u00f3micas\u2026 \u00a1Esta tele es la leche!<\/p>\n\n\n\n\n<div class=\"su-posts su-posts-default-loop \">\n\n\t\n\t\t\t\t\t\n\t\t\t\n\t\t\t<div id=\"su-post-3912\" class=\"su-post \">\n\n\t\t\t\t\t\t\t\t\t<a class=\"su-post-thumbnail\" href=\"https:\/\/la-ale.com\/revistalaleche\/mini-guia\/\"><img fetchpriority=\"high\" decoding=\"async\" width=\"3271\" height=\"2131\" src=\"https:\/\/la-ale.com\/revistalaleche\/wp-content\/uploads\/20190815_141140-e1570195434116.jpg\" class=\"attachment-post-thumbnail size-post-thumbnail wp-post-image\" alt=\"\" srcset=\"https:\/\/la-ale.com\/revistalaleche\/wp-content\/uploads\/20190815_141140-e1570195434116.jpg 3271w, https:\/\/la-ale.com\/revistalaleche\/wp-content\/uploads\/20190815_141140-e1570195434116-300x195.jpg 300w, https:\/\/la-ale.com\/revistalaleche\/wp-content\/uploads\/20190815_141140-e1570195434116-1024x667.jpg 1024w, https:\/\/la-ale.com\/revistalaleche\/wp-content\/uploads\/20190815_141140-e1570195434116-1200x782.jpg 1200w, https:\/\/la-ale.com\/revistalaleche\/wp-content\/uploads\/20190815_141140-e1570195434116-740x482.jpg 740w, https:\/\/la-ale.com\/revistalaleche\/wp-content\/uploads\/20190815_141140-e1570195434116-480x313.jpg 480w\" sizes=\"(max-width: 3271px) 100vw, 3271px\" \/><\/a>\n\t\t\t\t\n\t\t\t\t<h2 class=\"su-post-title\"><a href=\"https:\/\/la-ale.com\/revistalaleche\/mini-guia\/\">C\u00f3mo hacer tu mini gu\u00eda de aves, a pesar de un fallo de impresi\u00f3n<\/a><\/h2>\n\n\t\t\t\t<div class=\"su-post-meta\">\n\t\t\t\t\tPublicado: 5 octubre, 2019\t\t\t\t<\/div>\n\n\t\t\t\t<div class=\"su-post-excerpt\">\n\t\t\t\t\t<p>\u00a1\u00a1Ay la leche!! los encartes del n\u00famero 14 vinieron con un fallo de impresi\u00f3n y es posible que no seas [&hellip;]<\/p>\n\t\t\t\t<\/div>\n\n\t\t\t\t\t\t\t\t\t<a href=\"https:\/\/la-ale.com\/revistalaleche\/mini-guia\/#respond\" class=\"su-post-comments-link\">0 comentarios<\/a>\n\t\t\t\t\n\t\t\t<\/div>\n\n\t\t\t\t\t\n\t\t\t\n\t\t\t<div id=\"su-post-3193\" class=\"su-post \">\n\n\t\t\t\t\t\t\t\t\t<a class=\"su-post-thumbnail\" href=\"https:\/\/la-ale.com\/revistalaleche\/como-hacer-un-cuento-infinito\/\"><img decoding=\"async\" width=\"1124\" height=\"632\" src=\"https:\/\/la-ale.com\/revistalaleche\/wp-content\/uploads\/miniatura.jpeg\" class=\"attachment-post-thumbnail size-post-thumbnail wp-post-image\" alt=\"\" srcset=\"https:\/\/la-ale.com\/revistalaleche\/wp-content\/uploads\/miniatura.jpeg 1124w, https:\/\/la-ale.com\/revistalaleche\/wp-content\/uploads\/miniatura-300x169.jpeg 300w, https:\/\/la-ale.com\/revistalaleche\/wp-content\/uploads\/miniatura-1024x576.jpeg 1024w, https:\/\/la-ale.com\/revistalaleche\/wp-content\/uploads\/miniatura-740x416.jpeg 740w, https:\/\/la-ale.com\/revistalaleche\/wp-content\/uploads\/miniatura-480x270.jpeg 480w\" sizes=\"(max-width: 1124px) 100vw, 1124px\" \/><\/a>\n\t\t\t\t\n\t\t\t\t<h2 class=\"su-post-title\"><a href=\"https:\/\/la-ale.com\/revistalaleche\/como-hacer-un-cuento-infinito\/\">C\u00f3mo hacer un cuento infinito<\/a><\/h2>\n\n\t\t\t\t<div class=\"su-post-meta\">\n\t\t\t\t\tPublicado: 13 octubre, 2018\t\t\t\t<\/div>\n\n\t\t\t\t<div class=\"su-post-excerpt\">\n\t\t\t\t\t<p>En el n\u00famero 10 de revista \u00a1La leche! hemos querido ofrecer un espacio dedicado al laberinto. Un laberinto puede recordarnos [&hellip;]<\/p>\n\t\t\t\t<\/div>\n\n\t\t\t\t\t\t\t\t\t<a href=\"https:\/\/la-ale.com\/revistalaleche\/como-hacer-un-cuento-infinito\/#comments\" class=\"su-post-comments-link\">1 comentario<\/a>\n\t\t\t\t\n\t\t\t<\/div>\n\n\t\t\t\t\t\n\t\t\t\n\t\t\t<div id=\"su-post-2813\" class=\"su-post \">\n\n\t\t\t\t\t\t\t\t\t<a class=\"su-post-thumbnail\" href=\"https:\/\/la-ale.com\/revistalaleche\/presentacion-traficantes-suenos\/\"><img decoding=\"async\" width=\"1440\" height=\"1440\" src=\"https:\/\/la-ale.com\/revistalaleche\/wp-content\/uploads\/IMG_20180609_121250_199.jpg\" class=\"attachment-post-thumbnail size-post-thumbnail wp-post-image\" alt=\"\" srcset=\"https:\/\/la-ale.com\/revistalaleche\/wp-content\/uploads\/IMG_20180609_121250_199.jpg 1440w, https:\/\/la-ale.com\/revistalaleche\/wp-content\/uploads\/IMG_20180609_121250_199-150x150.jpg 150w, https:\/\/la-ale.com\/revistalaleche\/wp-content\/uploads\/IMG_20180609_121250_199-300x300.jpg 300w, https:\/\/la-ale.com\/revistalaleche\/wp-content\/uploads\/IMG_20180609_121250_199-1024x1024.jpg 1024w, https:\/\/la-ale.com\/revistalaleche\/wp-content\/uploads\/IMG_20180609_121250_199-1200x1200.jpg 1200w, https:\/\/la-ale.com\/revistalaleche\/wp-content\/uploads\/IMG_20180609_121250_199-740x740.jpg 740w, https:\/\/la-ale.com\/revistalaleche\/wp-content\/uploads\/IMG_20180609_121250_199-480x480.jpg 480w\" sizes=\"(max-width: 1440px) 100vw, 1440px\" \/><\/a>\n\t\t\t\t\n\t\t\t\t<h2 class=\"su-post-title\"><a href=\"https:\/\/la-ale.com\/revistalaleche\/presentacion-traficantes-suenos\/\">Presentaci\u00f3n de \u00a1La leche! en la librer\u00eda Traficantes de Sue\u00f1os<\/a><\/h2>\n\n\t\t\t\t<div class=\"su-post-meta\">\n\t\t\t\t\tPublicado: 29 junio, 2018\t\t\t\t<\/div>\n\n\t\t\t\t<div class=\"su-post-excerpt\">\n\t\t\t\t\t<p>Contar la realidad. Hacer periodismo para ni\u00f1os. Con esta premisa el equipo de revista \u00a1La leche! (Gustavo Puerta, In\u00e9s Puig, [&hellip;]<\/p>\n\t\t\t\t<\/div>\n\n\t\t\t\t\t\t\t\t\t<a href=\"https:\/\/la-ale.com\/revistalaleche\/presentacion-traficantes-suenos\/#respond\" class=\"su-post-comments-link\">0 comentarios<\/a>\n\t\t\t\t\n\t\t\t<\/div>\n\n\t\t\t\t\t\n\t\t\t\n\t\t\t<div id=\"su-post-2619\" class=\"su-post \">\n\n\t\t\t\t\t\t\t\t\t<a class=\"su-post-thumbnail\" href=\"https:\/\/la-ale.com\/revistalaleche\/alejandra-fernandez-nos-habla-del-septimo-numero\/\"><img loading=\"lazy\" decoding=\"async\" width=\"1200\" height=\"669\" src=\"https:\/\/la-ale.com\/revistalaleche\/wp-content\/uploads\/ale.jpeg\" class=\"attachment-post-thumbnail size-post-thumbnail wp-post-image\" alt=\"Alejandra Fern\u00e1ndez ilustradora\" srcset=\"https:\/\/la-ale.com\/revistalaleche\/wp-content\/uploads\/ale.jpeg 1200w, https:\/\/la-ale.com\/revistalaleche\/wp-content\/uploads\/ale-300x167.jpeg 300w, https:\/\/la-ale.com\/revistalaleche\/wp-content\/uploads\/ale-1024x571.jpeg 1024w, https:\/\/la-ale.com\/revistalaleche\/wp-content\/uploads\/ale-740x413.jpeg 740w, https:\/\/la-ale.com\/revistalaleche\/wp-content\/uploads\/ale-480x268.jpeg 480w, https:\/\/la-ale.com\/revistalaleche\/wp-content\/uploads\/ale-200x112.jpeg 200w, https:\/\/la-ale.com\/revistalaleche\/wp-content\/uploads\/ale-500x279.jpeg 500w\" sizes=\"(max-width: 1200px) 100vw, 1200px\" \/><\/a>\n\t\t\t\t\n\t\t\t\t<h2 class=\"su-post-title\"><a href=\"https:\/\/la-ale.com\/revistalaleche\/alejandra-fernandez-nos-habla-del-septimo-numero\/\">Alejandra Fern\u00e1ndez nos habla del s\u00e9ptimo n\u00famero<\/a><\/h2>\n\n\t\t\t\t<div class=\"su-post-meta\">\n\t\t\t\t\tPublicado: 12 marzo, 2018\t\t\t\t<\/div>\n\n\t\t\t\t<div class=\"su-post-excerpt\">\n\t\t\t\t\t<p>Conversamos con Alejandra Fern\u00e1ndez, coordinadora de contenidos online, entre ellos nuestra web y la Milk TV, sobre el s\u00e9ptimo n\u00famero [&hellip;]<\/p>\n\t\t\t\t<\/div>\n\n\t\t\t\t\t\t\t\t\t<a href=\"https:\/\/la-ale.com\/revistalaleche\/alejandra-fernandez-nos-habla-del-septimo-numero\/#comments\" class=\"su-post-comments-link\">2 comments<\/a>\n\t\t\t\t\n\t\t\t<\/div>\n\n\t\t\t\t\t\n\t\t\t\n\t\t\t<div id=\"su-post-2579\" class=\"su-post \">\n\n\t\t\t\t\t\t\t\t\t<a class=\"su-post-thumbnail\" href=\"https:\/\/la-ale.com\/revistalaleche\/juliana-salcedo-nos-habla-del-sexto-numero\/\"><img loading=\"lazy\" decoding=\"async\" width=\"1280\" height=\"720\" src=\"https:\/\/la-ale.com\/revistalaleche\/wp-content\/uploads\/imagen.jpg\" class=\"attachment-post-thumbnail size-post-thumbnail wp-post-image\" alt=\"\" srcset=\"https:\/\/la-ale.com\/revistalaleche\/wp-content\/uploads\/imagen.jpg 1280w, https:\/\/la-ale.com\/revistalaleche\/wp-content\/uploads\/imagen-200x113.jpg 200w, https:\/\/la-ale.com\/revistalaleche\/wp-content\/uploads\/imagen-400x225.jpg 400w, https:\/\/la-ale.com\/revistalaleche\/wp-content\/uploads\/imagen-500x281.jpg 500w, https:\/\/la-ale.com\/revistalaleche\/wp-content\/uploads\/imagen-300x169.jpg 300w, https:\/\/la-ale.com\/revistalaleche\/wp-content\/uploads\/imagen-1024x576.jpg 1024w, https:\/\/la-ale.com\/revistalaleche\/wp-content\/uploads\/imagen-1200x675.jpg 1200w, https:\/\/la-ale.com\/revistalaleche\/wp-content\/uploads\/imagen-740x416.jpg 740w, https:\/\/la-ale.com\/revistalaleche\/wp-content\/uploads\/imagen-480x270.jpg 480w\" sizes=\"(max-width: 1280px) 100vw, 1280px\" \/><\/a>\n\t\t\t\t\n\t\t\t\t<h2 class=\"su-post-title\"><a href=\"https:\/\/la-ale.com\/revistalaleche\/juliana-salcedo-nos-habla-del-sexto-numero\/\">Juliana Salcedo nos habla del sexto n\u00famero<\/a><\/h2>\n\n\t\t\t\t<div class=\"su-post-meta\">\n\t\t\t\t\tPublicado: 13 enero, 2018\t\t\t\t<\/div>\n\n\t\t\t\t<div class=\"su-post-excerpt\">\n\t\t\t\t\t<p>Juliana Salcedo, nuestra directora de producci\u00f3n nos habla del sexto n\u00famero de \u00a1La leche!, un n\u00famero dedicado a la bot\u00e1nica [&hellip;]<\/p>\n\t\t\t\t<\/div>\n\n\t\t\t\t\t\t\t\t\t<a href=\"https:\/\/la-ale.com\/revistalaleche\/juliana-salcedo-nos-habla-del-sexto-numero\/#respond\" class=\"su-post-comments-link\">0 comentarios<\/a>\n\t\t\t\t\n\t\t\t<\/div>\n\n\t\t\t\t\t\n\t\t\t\n\t\t\t<div id=\"su-post-2568\" class=\"su-post \">\n\n\t\t\t\t\t\t\t\t\t<a class=\"su-post-thumbnail\" href=\"https:\/\/la-ale.com\/revistalaleche\/la-leche-en-libros-amigos\/\"><img loading=\"lazy\" decoding=\"async\" width=\"1172\" height=\"659\" src=\"https:\/\/la-ale.com\/revistalaleche\/wp-content\/uploads\/andersen_libros_amigos_evento.jpg\" class=\"attachment-post-thumbnail size-post-thumbnail wp-post-image\" alt=\"\" srcset=\"https:\/\/la-ale.com\/revistalaleche\/wp-content\/uploads\/andersen_libros_amigos_evento.jpg 1172w, https:\/\/la-ale.com\/revistalaleche\/wp-content\/uploads\/andersen_libros_amigos_evento-200x112.jpg 200w, https:\/\/la-ale.com\/revistalaleche\/wp-content\/uploads\/andersen_libros_amigos_evento-400x225.jpg 400w, https:\/\/la-ale.com\/revistalaleche\/wp-content\/uploads\/andersen_libros_amigos_evento-500x281.jpg 500w, https:\/\/la-ale.com\/revistalaleche\/wp-content\/uploads\/andersen_libros_amigos_evento-300x169.jpg 300w, https:\/\/la-ale.com\/revistalaleche\/wp-content\/uploads\/andersen_libros_amigos_evento-1024x576.jpg 1024w, https:\/\/la-ale.com\/revistalaleche\/wp-content\/uploads\/andersen_libros_amigos_evento-740x416.jpg 740w, https:\/\/la-ale.com\/revistalaleche\/wp-content\/uploads\/andersen_libros_amigos_evento-480x270.jpg 480w\" sizes=\"(max-width: 1172px) 100vw, 1172px\" \/><\/a>\n\t\t\t\t\n\t\t\t\t<h2 class=\"su-post-title\"><a href=\"https:\/\/la-ale.com\/revistalaleche\/la-leche-en-libros-amigos\/\">\u00a1La leche! en Libros Amigos<\/a><\/h2>\n\n\t\t\t\t<div class=\"su-post-meta\">\n\t\t\t\t\tPublicado: 13 diciembre, 2017\t\t\t\t<\/div>\n\n\t\t\t\t<div class=\"su-post-excerpt\">\n\t\t\t\t\t<p>Tris tr\u00e1s, tris tr\u00e1s, \u00bfpreparados para contar vuestra propia historia recortando un trozo de papel? A Hans Christian Andersen le [&hellip;]<\/p>\n\t\t\t\t<\/div>\n\n\t\t\t\t\t\t\t\t\t<a href=\"https:\/\/la-ale.com\/revistalaleche\/la-leche-en-libros-amigos\/#respond\" class=\"su-post-comments-link\">0 comentarios<\/a>\n\t\t\t\t\n\t\t\t<\/div>\n\n\t\t\t\t\t\n\t\t\t\n\t\t\t<div id=\"su-post-2418\" class=\"su-post \">\n\n\t\t\t\t\t\t\t\t\t<a class=\"su-post-thumbnail\" href=\"https:\/\/la-ale.com\/revistalaleche\/2418-2\/\"><img loading=\"lazy\" decoding=\"async\" width=\"1686\" height=\"1003\" src=\"https:\/\/la-ale.com\/revistalaleche\/wp-content\/uploads\/jardines.jpeg\" class=\"attachment-post-thumbnail size-post-thumbnail wp-post-image\" alt=\"\" srcset=\"https:\/\/la-ale.com\/revistalaleche\/wp-content\/uploads\/jardines.jpeg 1686w, https:\/\/la-ale.com\/revistalaleche\/wp-content\/uploads\/jardines-200x119.jpeg 200w, https:\/\/la-ale.com\/revistalaleche\/wp-content\/uploads\/jardines-400x238.jpeg 400w, https:\/\/la-ale.com\/revistalaleche\/wp-content\/uploads\/jardines-500x297.jpeg 500w, https:\/\/la-ale.com\/revistalaleche\/wp-content\/uploads\/jardines-300x178.jpeg 300w, https:\/\/la-ale.com\/revistalaleche\/wp-content\/uploads\/jardines-1024x609.jpeg 1024w, https:\/\/la-ale.com\/revistalaleche\/wp-content\/uploads\/jardines-1200x714.jpeg 1200w, https:\/\/la-ale.com\/revistalaleche\/wp-content\/uploads\/jardines-740x440.jpeg 740w, https:\/\/la-ale.com\/revistalaleche\/wp-content\/uploads\/jardines-480x286.jpeg 480w\" sizes=\"(max-width: 1686px) 100vw, 1686px\" \/><\/a>\n\t\t\t\t\n\t\t\t\t<h2 class=\"su-post-title\"><a href=\"https:\/\/la-ale.com\/revistalaleche\/2418-2\/\">C\u00f3mo hacer tu propio Jard\u00edn de Bolsillo<\/a><\/h2>\n\n\t\t\t\t<div class=\"su-post-meta\">\n\t\t\t\t\tPublicado: 28 septiembre, 2017\t\t\t\t<\/div>\n\n\t\t\t\t<div class=\"su-post-excerpt\">\n\t\t\t\t\t<p>Llega el nuevo y deslumbrante n\u00famero de oto\u00f1o de Revista \u00a1La leche! En este n\u00famero hemos querido dedicar especial atenci\u00f3n [&hellip;]<\/p>\n\t\t\t\t<\/div>\n\n\t\t\t\t\t\t\t\t\t<a href=\"https:\/\/la-ale.com\/revistalaleche\/2418-2\/#respond\" class=\"su-post-comments-link\">0 comentarios<\/a>\n\t\t\t\t\n\t\t\t<\/div>\n\n\t\t\t\t\t\n\t\t\t\n\t\t\t<div id=\"su-post-2177\" class=\"su-post \">\n\n\t\t\t\t\t\t\t\t\t<a class=\"su-post-thumbnail\" href=\"https:\/\/la-ale.com\/revistalaleche\/haz-tu-propio-surfista-automata\/\"><img loading=\"lazy\" decoding=\"async\" width=\"500\" height=\"281\" src=\"https:\/\/la-ale.com\/revistalaleche\/wp-content\/uploads\/surfista-automata-e1496663444151.jpeg\" class=\"attachment-post-thumbnail size-post-thumbnail wp-post-image\" alt=\"Surfista aut\u00f3mata - Revista infantil \u00a1La leche!\" srcset=\"https:\/\/la-ale.com\/revistalaleche\/wp-content\/uploads\/surfista-automata-e1496663444151.jpeg 500w, https:\/\/la-ale.com\/revistalaleche\/wp-content\/uploads\/surfista-automata-e1496663444151-200x112.jpeg 200w, https:\/\/la-ale.com\/revistalaleche\/wp-content\/uploads\/surfista-automata-e1496663444151-400x225.jpeg 400w\" sizes=\"(max-width: 500px) 100vw, 500px\" \/><\/a>\n\t\t\t\t\n\t\t\t\t<h2 class=\"su-post-title\"><a href=\"https:\/\/la-ale.com\/revistalaleche\/haz-tu-propio-surfista-automata\/\">Haz tu propio surfista aut\u00f3mata<\/a><\/h2>\n\n\t\t\t\t<div class=\"su-post-meta\">\n\t\t\t\t\tPublicado: 5 junio, 2017\t\t\t\t<\/div>\n\n\t\t\t\t<div class=\"su-post-excerpt\">\n\t\t\t\t\t<p>Llega el verano y Revista infantil \u00a1La leche! publica su quinto\u00a0n\u00famero con la intenci\u00f3n\u00a0de transmitirte una gran pasi\u00f3n por el [&hellip;]<\/p>\n\t\t\t\t<\/div>\n\n\t\t\t\t\t\t\t\t\t<a href=\"https:\/\/la-ale.com\/revistalaleche\/haz-tu-propio-surfista-automata\/#respond\" class=\"su-post-comments-link\">0 comentarios<\/a>\n\t\t\t\t\n\t\t\t<\/div>\n\n\t\t\t\t\t\n\t\t\t\n\t\t\t<div id=\"su-post-2029\" class=\"su-post \">\n\n\t\t\t\t\t\t\t\t\t<a class=\"su-post-thumbnail\" href=\"https:\/\/la-ale.com\/revistalaleche\/preguntale-al-oraculo-de-los-tiempos\/\"><img loading=\"lazy\" decoding=\"async\" width=\"822\" height=\"450\" src=\"https:\/\/la-ale.com\/revistalaleche\/wp-content\/uploads\/miniatura-e1493109585118.jpg\" class=\"attachment-post-thumbnail size-post-thumbnail wp-post-image\" alt=\"Tutoriales - Revista infantil \u00a1La leche!\" srcset=\"https:\/\/la-ale.com\/revistalaleche\/wp-content\/uploads\/miniatura-e1493109585118.jpg 822w, https:\/\/la-ale.com\/revistalaleche\/wp-content\/uploads\/miniatura-e1493109585118-200x109.jpg 200w, https:\/\/la-ale.com\/revistalaleche\/wp-content\/uploads\/miniatura-e1493109585118-400x219.jpg 400w, https:\/\/la-ale.com\/revistalaleche\/wp-content\/uploads\/miniatura-e1493109585118-500x274.jpg 500w\" sizes=\"(max-width: 822px) 100vw, 822px\" \/><\/a>\n\t\t\t\t\n\t\t\t\t<h2 class=\"su-post-title\"><a href=\"https:\/\/la-ale.com\/revistalaleche\/preguntale-al-oraculo-de-los-tiempos\/\">Preg\u00fantale al Or\u00e1culo de los Tiempos<\/a><\/h2>\n\n\t\t\t\t<div class=\"su-post-meta\">\n\t\t\t\t\tPublicado: 25 abril, 2017\t\t\t\t<\/div>\n\n\t\t\t\t<div class=\"su-post-excerpt\">\n\t\t\t\t\t<p>Revista infantil \u00a1La leche! publica en su segundo n\u00famero\u00a0El Or\u00e1culo de los Tiempos, una rueda para montar inspirada en el [&hellip;]<\/p>\n\t\t\t\t<\/div>\n\n\t\t\t\t\t\t\t\t\t<a href=\"https:\/\/la-ale.com\/revistalaleche\/preguntale-al-oraculo-de-los-tiempos\/#respond\" class=\"su-post-comments-link\">0 comentarios<\/a>\n\t\t\t\t\n\t\t\t<\/div>\n\n\t\t\n\t\n<\/div>\n\n\n\n\n<p><\/p>\n","protected":false},"excerpt":{"rendered":"<p>Milk TV es la producci\u00f3n audiovisual propia de nuestra revista. Tutoriales de c\u00f3mo montar nuestros encartes, avances sobre art\u00edculos y [&hellip;]<\/p>\n","protected":false},"author":2,"featured_media":0,"parent":0,"menu_order":0,"comment_status":"closed","ping_status":"closed","template":"","meta":{"footnotes":""},"class_list":["post-1148","page","type-page","status-publish","hentry"],"aioseo_notices":[],"_links":{"self":[{"href":"https:\/\/la-ale.com\/revistalaleche\/wp-json\/wp\/v2\/pages\/1148","targetHints":{"allow":["GET"]}}],"collection":[{"href":"https:\/\/la-ale.com\/revistalaleche\/wp-json\/wp\/v2\/pages"}],"about":[{"href":"https:\/\/la-ale.com\/revistalaleche\/wp-json\/wp\/v2\/types\/page"}],"author":[{"embeddable":true,"href":"https:\/\/la-ale.com\/revistalaleche\/wp-json\/wp\/v2\/users\/2"}],"replies":[{"embeddable":true,"href":"https:\/\/la-ale.com\/revistalaleche\/wp-json\/wp\/v2\/comments?post=1148"}],"version-history":[{"count":17,"href":"https:\/\/la-ale.com\/revistalaleche\/wp-json\/wp\/v2\/pages\/1148\/revisions"}],"predecessor-version":[{"id":4300,"href":"https:\/\/la-ale.com\/revistalaleche\/wp-json\/wp\/v2\/pages\/1148\/revisions\/4300"}],"wp:attachment":[{"href":"https:\/\/la-ale.com\/revistalaleche\/wp-json\/wp\/v2\/media?parent=1148"}],"curies":[{"name":"wp","href":"https:\/\/api.w.org\/{rel}","templated":true}]}}